pose 3*j - 21 = j + i, 4*j - 52 = l*i. What are the prime factors of j?
2
Suppose -y + 107 = -33. List the prime factors of y.
2, 5, 7
Let o(y) = -y**3 + 4*y**2 + 4*y - 2. Let w be o(4). Suppose -5*a = -3*m + 48, a - w = -3*m + 16. What are the prime factors of m?
11
Suppose 5 = 4*s - 175. What are the prime factors of s?
3, 5
Let c(n) = 18*n + 12. What are the prime factors of c(2)?
2, 3
Let g(r) = -r**3 + 4*r**2 - 2*r + 1. Let k be g(3). Let s be (0 - 16)*k/(-8). Suppose 0 = 4*h - s - 12. List the prime factors of h.
5
Suppose -538 = -7*c + 477. List the prime factors of c.
5, 29
Suppose -45 = -0*v - 5*v + 5*y, 2*v = -2*y + 10. Suppose -5*g - v = -22. What are the prime factors of g?
3
Suppose -78 = -5*m + 2*m. Suppose 0 = 5*x + m - 141. List the prime factors of x.
23
Suppose -l = -4*l - 6, 0 = 2*c + 3*l - 46. What are the prime factors of c?
2, 13
Let r(k) = k**2 - 2*k + 2. Let o be r(2). Suppose h - o = -0*h. Suppose 0*q + 4*q = -h*l + 40, l = -q + 16. List the prime factors of l.
2, 3
Suppose 15 = -5*k - g, 5*k = -2*g + 5*g - 15. Suppose -4*d + x + 22 = -0*x, -4*d - x = -26. What are the prime factors of k/d*26*-1?
13
Let v(h) = -h**3 + 5*h**2 + 3. Let z be v(5). Suppose s - 32 = -x, -103 = -3*x - z*s + 7*s. What are the prime factors of x?
3, 11
Let k(p) = p**3 + 7*p**2 - 7*p - 9. List the prime factors of k(-6).
3, 23
Let x be -2*21/12*4. List the prime factors of (-1 - -2)/(-1) - x.
13
Suppose -4*y - 19 = 3*p, 2*y + 8 = 2*p + 2. Let w(n) = 2*n + 3. Let x(m) = -m - 1. Let i(j) = -3*w(j) - 3*x(j). What are the prime factors of i(y)?
2, 3
Let i be 2/(15/9 + -1). Suppose y - 32 = b + 41, -i*b = 3*y - 219. Suppose 0 = -5*q - 5, -2*q + y = 6*o - o. What are the prime factors of o?
3, 5
Suppose 460 = -5*p + 2*z + 2*z, 5*p + 2*z = -430. Let k = -40 - p. What are the prime factors of k?
2, 3
Suppose u - 11 + 31 = 5*y, -3*u - 8 = -2*y. List the prime factors of y.
2
Suppose 0*t = -3*t - 18. Let c be 2/6 + (-4)/t. What are the prime factors of c/((2 + -5)/(-9))?
3
Suppose -l = 4*v, -3*v - 21 = -4*l + 2*v. Suppose r - l*r + 39 = 0. List the prime factors of r.
13
Suppose -50 = -4*t - 14. What are the prime factors of t?
3
List the prime factors of 0 - -10*(2 + (-32)/20).
2
Suppose x + 4*n - 1 = 0, 5*n + 1 = -2*x + 6. Suppose 2*w = -p + 5*p - 120, x*p = 3*w + 150. What are the prime factors of p?
2, 3, 5
Let d(r) = -21*r - 26. What are the prime factors of d(-5)?
79
Let b be (5 - 5) + 0/(-2). Let s = b + 6. Suppose -3*d + s*d = 21. List the prime factors of d.
7
Let q(f) = f**3 + 16*f**2 - 20*f - 1. List the prime factors of q(-16).
11, 29
Let q = -23 + 33. Let t be (-1)/(q/(-4) + 2). Let r = t - -2. What are the prime factors of r?
2
Let v(i) be the first derivative of 0*i + 2*i**3 - 1/4*i**4 - 2 - 2*i**2. What are the prime factors of v(5)?
5
Suppose -2 - 3 = 5*q. Let p = 17 - q. What are the prime factors of p/((-5)/(-2) + -1)?
2, 3
Let h(j) = -2*j + j - 3*j. List the prime factors of h(-1).
2
What are the prime factors of 125 - (-4 - 0) - (0 + -1)?
2, 5, 13
Let o(c) = 2*c + 26. Let a(y) = -y**2 - 4*y - 3. Let n be a(-3). List the prime factors of o(n).
2, 13
Suppose 3*z = 5*o - 665, 4*o + 6*z - 4*z = 554. What are the prime factors of o?
2, 17
Suppose 3*o - 70 = 17. List the prime factors of o.
29
Suppose 3*u + i = 25, u + 2*i - 10 = 5. Let v = u - 5. Suppose 0 = v*f + 3*f - 50. What are the prime factors of f?
2, 5
Suppose 2*y - 20 = -2*y + 3*t, 0 = -3*y + 3*t + 15. Suppose 31 - 86 = -y*k. What are the prime factors of k?
11
What are the prime factors of -24*(-3)/((-6)/(-11))?
2, 3, 11
Let i(k) = -k - 21. Let b be i(0). Let v = -42 - b. What are the prime factors of v/14 + 35/2?
2
Let z(x) = x**3 - 3*x**2 + 5*x + 8. List the prime factors of z(7).
239
Let d(c) = -c**3 + 10*c**2 - 9*c + 7. List the prime factors of d(8).
3, 7
Let v be 1 - 4/(12/9). List the prime factors of 29 - (4 + -3) - v.
2, 3, 5
Suppose 4*s + 1 = h - 43, -43 = -h + 3*s. Let p be 194/(-7) - 14/49. Let n = p + h. What are the prime factors of n?
2, 3
Let x(s) = -s**2 - 6*s + 5. Let u be x(-6). Suppose -u*v + 70 = -5*c, -4*v + 0*c = -c - 41. What are the prime factors of v?
3
Let j(h) = 2*h - 2. Let v be j(6). Let l = v - 6. Suppose l*f + 75 = 5*n - 0*f, -3*f - 4 = -n. List the prime factors of n.
19
Suppose 3*n + 123 = v, -3*n = 2*v + 2*n - 202. What are the prime factors of v?
3, 37
Suppose 0*l = 2*l - 650. What are the prime factors of l?
5, 13
List the prime factors of 1/6 + 573/18.
2
Suppose 2*h - 34 = -4. What are the prime factors of h?
3, 5
Let l(w) = -2*w + 4. Let c be l(5). Let j = 0 - c. Suppose 26 = 2*m + j. List the prime factors of m.
2, 5
Suppose 0 = 4*k - 2*d - 8, k + 0*d = 4*d + 16. Suppose 5*f = -2*v - 27, 0*f - f - 5*v + 13 = k. Let s = f + 15. List the prime factors of s.
2
Let p = 202 + -140. Let q = p + -41. What are the prime factors of q?
3, 7
Let w = -3 + 5. Suppose -h - w*h + 33 = 0. Let q = -2 + h. What are the prime factors of q?
3
Suppose -4*j = -31 + 7. List the prime factors of j.
2, 3
Suppose -22*t + 19*t = -420. What are the prime factors of t?
2, 5, 7
Let d = 6 - 13. Let p(f) = f**2 + 6*f - 2. Let u be p(d). Suppose u*t + 11 = -y, 0*t - 4*t + 20 = 4*y. List the prime factors of y.
3
Suppose 4*w = 2*a + 30, 0 = -4*w + a + 13 + 16. What are the prime factors of 184/w - 6/21?
2, 13
Let k(y) = -y**2 + 3*y + 2. Let z be (18/((-6)/(-2)))/2. List the prime factors of k(z).
2
Let k(b) = 5*b - 41. Let r(u) = -3*u + 27. Let m(t) = 5*k(t) + 8*r(t). Suppose -n + 0*n - 2 = 2*a, 4 = -n - 4*a. List the prime factors of m(n).
11
Suppose 4*h - 40 = -2*v, 4*v - h - 3*h - 128 = 0. What are the prime factors of v?
2, 7
Suppose 8*b - 97 - 111 = 0. List the prime factors of b.
2, 13
Let f = 7 - 3. Suppose f*a - 67 = 13. What are the prime factors of a?
2, 5
Let a(k) = -2*k - 2. Let d be (-4)/(-10) + 24/(-10). Let r be a(d). Suppose 10 = r*m - 4*v, -2*m - v + 37 = 4*v. What are the prime factors of m?
11
Let h(x) = x + 7. List the prime factors of h(3).
2, 5
Let w = -16 + 42. List the prime factors of w.
2, 13
List the prime factors of (4 - 7) + 16 + -1.
2, 3
Let s = -6 - -60. List the prime factors of s.
2, 3
Suppose 0 = -5*j, -5*j - 10 = -q - 4. Suppose 0 = -l + q*l - 115. List the prime factors of l.
23
Suppose 5*f - g - 11 = g, -2*g + 19 = 5*f. Suppose z + f = 2*z. Suppose b + 1 = z. List the prime factors of b.
2
Let j = 70 + -50. Suppose 0 = -5*z - 5*i + j, 54 - 8 = 4*z - 2*i. What are the prime factors of z?
3
Suppose -a = v - 40, -v + 36 = a + 4*v. What are the prime factors of a?
41
Suppose 5*h = -2*m + 84, -3*h + 8 + 4 = 0. What are the prime factors of m?
2
Suppose 347 = 4*y - 5*p, p + 174 + 100 = 3*y. What are the prime factors of y?
3, 31
Let n = 9 - 6. Let p(s) = s**2 - s - 3. Let k be p(n). Suppose 7 = k*g + 1. What are the prime factors of g?
2
Let f(r) = 9*r**3 + r**2 - 5*r - 3. Let l(z) = -5*z**3 - z**2 + 3*z + 2. Let s(v) = 3*f(v) + 5*l(v). List the prime factors of s(2).
3
Let z = -328 + 477. What are the prime factors of z?
149
Let a(j) = j**3 - j**2 + j + 11. Let s be 0/(-1 + (-1 - -1)). What are the prime factors of a(s)?
11
Let t be 3*(-38)/(-3) + 2. Suppose -45 = -4*u - 5*i, 5*i = -0*u - 3*u + t. Suppose l = -2*y + 27, u*y = -3*l + 2*l + 60. What are the prime factors of y?
11
Let u(v) = -2*v. Let r be u(-2). Suppose 3*d - r*d = -13. List the prime factors of d.
13
Suppose 13 = -5*x + 4*y, -1 = -y + 1. Let r be (4/(-8))/(x/4). Suppose k - 3*t - 5 = r*t, 39 = 4*k - t. List the prime factors of k.
2, 5
Suppose 77 = 5*y - 48. List the prime factors of y.
5
Suppose q = 5*z - 3*q - 1620, 10 = -2*q. What are the prime factors of z?
2, 5
Let m be 2*-1 + 1 + 1. Suppose -5*h + 5*v + 14 + 6 = 0, -v - 1 = m. Suppose -4*y - 4*z + 52 = 0, z + h*z = 2*y - 14. List the prime factors of y.
11
Let c = 40 + 0. Suppose -6*w + 2*w = -c. Suppose -2*u + w = -2*s + s, -8 = -4*s. List the prime factors of u.
2, 3
Suppose 4*k - 113 = 3*k - 2*j, 5*j = -4*k + 437. List the prime factors of k/4 + (-3)/4.
5
Let f(d) = d**2 + 8*d - 10. Let h be f(-9). Let z = 15 + h. List the prime factors of z.
2, 7
Suppose 4*q - q + 4*i = -10, 0 = -q - i - 3. List the prime factors of (11/2)/((-1)/q).
11
Let w be (-9)/6 - 1/(-2). Let q be (0 - 3) + 5 + 15. What are the prime fac